undreds digit of 915?
9
What is the thousands digit of 4759?
4
What is the units digit of 11099?
9
What is the tens digit of 4601?
0
What is the tens digit of 941?
4
What is the hundreds digit of 1042?
0
What is the tens digit of 123?
2
What is the units digit of 3250?
0
What is the units digit of 14009?
9
What is the hundreds digit of 763?
7
What is the tens digit of 10194?
9
What is the thousands digit of 9532?
9
What is the thousands digit of 12380?
2
What is the tens digit of 130?
3
What is the ten thousands digit of 67018?
6
What is the thousands digit of 47617?
7
What is the units digit of 83?
3
What is the hundreds digit of 4772?
7
What is the ten thousands digit of 44167?
4
What is the ten thousands digit of 56831?
5
What is the tens digit of 104?
0
What is the hundreds digit of 191?
1
What is the thousands digit of 2019?
2
What is the tens digit of 422?
2
What is the tens digit of 7476?
7
What is the tens digit of 11487?
8
What is the thousands digit of 61036?
1
What is the units digit of 391?
1
What is the tens digit of 117761?
6
What is the tens digit of 24133?
3
What is the thousands digit of 17916?
7
What is the ten thousands digit of 19795?
1
What is the ten thousands digit of 96884?
9
What is the ten thousands digit of 33071?
3
What is the hundreds digit of 2990?
9
What is the thousands digit of 36696?
6
What is the thousands digit of 2559?
2
What is the tens digit of 4500?
0
What is the hundreds digit of 577?
5
What is the hundred thousands digit of 108552?
1
What is the hundreds digit of 816?
8
What is the units digit of 3838?
8
What is the tens digit of 705?
0
What is the units digit of 740?
0
What is the tens digit of 8097?
9
What is the ten thousands digit of 39613?
3
What is the units digit of 2055?
5
What is the thousands digit of 1019?
1
What is the units digit of 37532?
2
What is the thousands digit of 2725?
2
What is the thousands digit of 12919?
2
What is the tens digit of 135264?
6
What is the units digit of 18605?
5
What is the thousands digit of 9713?
9
What is the tens digit of 19930?
3
What is the units digit of 492?
2
What is the hundreds digit of 29291?
2
What is the ten thousands digit of 42846?
4
What is the tens digit of 466?
6
What is the tens digit of 708?
0
What is the hundreds digit of 18310?
3
What is the ten thousands digit of 27904?
2
What is the thousands digit of 1061?
1
What is the hundreds digit of 5251?
2
What is the units digit of 683?
3
What is the hundred thousands digit of 176653?
1
What is the hundreds digit of 417?
4
What is the hundreds digit of 8320?
3
What is the hundreds digit of 36178?
1
What is the tens digit of 657?
5
What is the ten thousands digit of 15200?
1
What is the units digit of 2900?
0
What is the units digit of 4179?
9
What is the ten thousands digit of 19847?
1
What is the units digit of 3491?
1
What is the thousands digit of 106184?
6
What is the units digit of 152439?
9
What is the thousands digit of 2993?
2
What is the hundreds digit of 1171?
1
What is the tens digit of 768?
6
What is the hundreds digit of 1755?
7
What is the units digit of 10816?
6
What is the ten thousands digit of 14114?
1
What is the units digit of 98506?
6
What is the thousands digit of 2119?
2
What is the units digit of 6456?
6
What is the units digit of 8802?
2
What is the tens digit of 7465?
6
What is the units digit of 16351?
1
What is the thousands digit of 1541?
1
What is the units digit of 888?
8
What is the tens digit of 67140?
4
What is the units digit of 80?
0
What is the units digit of 9067?
7
What is the tens digit of 4737?
3
What is the units digit of 1011?
1
What is the tens digit of 396?
9
What is the thousands digit of 2300?
2
What is the tens digit of 12920?
2
What is the units digit of 55503?
3
What is the hundreds digit of 549?
5
What is the units digit of 1352?
2
What is the units digit of 32774?
4
What is the hundreds digit of 430?
4
What is the thousands digit of 1067?
1
What is the hundreds digit of 36303?
3
What is the hundreds digit of 17732?
7
What is the tens digit of 55?
5
What is the tens digit of 27061?
6
What is the ten thousands digit of 11660?
1
What is the units digit of 885?
5
What is the units digit of 11874?
4
What is the hundreds digit of 12969?
9
What is the units digit of 14216?
6
What is the thousands digit of 22575?
2
What is the thousands digit of 4537?
4
What is the tens digit of 219?
1
What is the tens digit of 797?
9
What is the hundreds digit of 78374?
3
What is the units digit of 34755?
5
What is the hundreds digit of 893?
8
What is the units digit of 8575?
5
What is the tens digit of 4082?
8
What is the thousands digit of 80130?
0
What is the tens digit of 609?
0
What is the units digit of 621?
1
What is the hundreds digit of 149723?
7
What is the thousands digit of 3203?
3
What is the units digit of 60519?
9
What is the tens digit of 255?
5
What is the thousands digit of 8896?
8
What is the tens digit of 1146?
4
What is the units digit of 48918?
8
What is the ten thousands digit of 15229?
1
What is the tens digit of 244?
4
What is the hundreds digit of 4634?
6
What is the tens digit of 351?
5
What is the tens digit of 629?
2
What is the tens digit of 7338?
3
What is the units digit of 1088?
8
What is the ten thousands digit of 35416?
3
What is the hundreds digit of 4306?
3
What is the units digit of 1108?
8
What is the tens digit of 618?
1
What is the units digit of 10013?
3
What is the units digit of 29249?
9
What is the units digit of 50421?
1
What is the units digit of 482?
2
What is the units digit of 634?
4
What is the ten thousands digit of 116204?
1
What is the units digit of 13462?
2
What is the hundreds digit of 117?
1
What is the ten thousands digit of 13984?
1
What is the hundreds digit of 2279?
2
What is the units digit of 2583?
3
What is the hundreds digit of 7904?
9
What is the units digit of 806?
6
What is the hundreds digit of 1254?
2
What is the hundreds digit of 4525?
5
What is the tens digit of 65359?
5
What is the tens digit of 5037?
3
What is the tens digit of 1833?
3
What is the units digit of 60251?
1
What is the hundreds digit of 18290?
2
What is the hundreds digit of 6564?
5
What is the hundreds digit of 9208?
2
What is the thousands digit of 44490?
4
What is the units digit of 14581?
1
What is the tens digit of 98555?
5
What is the tens digit of 3028?
2
What is the units digit of 16346?
6
What is the ten thousands digit of 105684?
0
What is the units digit of 2280?
0
What is the thousands digit of 8987?
8
What is the units digit of 41965?
5
What is the ten thousands digit of 21938?
2
What is the units digit of 36096?
6
What is the ten thousands digit of 12830?
1
What is the tens digit of 1316?
1
What is the thousands digit of 1145?
1
What is the thousands digit of 4021?
4
What is the tens digit of 1004?
0
What is the ten thousands digit of 32791?
3
What is the units digit of 799?
9
What is the hundreds digit of 2430?
4
What is the units digit of 1257?
7
What is the hundreds digit of 40560?
5
What is the hundreds digit of 2684?
6
What is the hundreds digit of 5165?
1
What is the units digit of 3917?
7
What is the hundreds digit of 52910?
9
What is the thousands digit of 1003?
1
What is the hundreds digit of 1215?
2
What is the hundreds digit of 323?
3
What is the ten thousands digit of 12349?
1
What is the thousands digit of 3688?
3
What is the units digit of 26542?
2
What is the units digit of 6671?
1
What is the ten thousands digit of 55282?
5
What is the units digit of 6130?
0
What is the units digit of 8378?
8
What is the hundreds digit of 67394?
3
What is the hundreds digit of 1411?
4
What is the hundreds digit of 9556?
5
What is the ten thousands digit of 21343?
2
What is the thousands digit of 1264?
1
What is the thousands digit of 2481?
2
What is the tens digit of 10998?
9
What is the hundreds digit of 856?
8
What is the hundreds digit of 52213?
2
What is the units digit of 972?
2
What is the units digit of 316?
6
What is the units digit of 65541?
1
What is the units digit of 230?
0
What is the tens digit of 8235?
3
What is the hundreds digit of 540?
5
What is the thousands digit of 53937?
3
What is the hundreds digit of 52777?
7
What is the thousands digit of 11676?
1
What is the tens digit of 887?
8
What is t